{"id":78,"date":"2015-01-07T16:12:50","date_gmt":"2015-01-07T16:12:50","guid":{"rendered":"http:\/\/www.nowayout-musik.info\/?page_id=78"},"modified":"2015-01-23T20:54:49","modified_gmt":"2015-01-23T20:54:49","slug":"live-in-wallhausen-2000","status":"publish","type":"page","link":"http:\/\/www.nowayout-musik.info\/?page_id=78","title":{"rendered":"Live in Wallhausen &#8211; &#8220;an ending story&#8221; (1999)"},"content":{"rendered":"<p>Ver\u00f6ffentlicht Ende 1999.<\/p>\n<p>Titel<\/p>\n<ol>\n<li>Rotnassgeweint (fauszt)<\/li>\n<li>Blaue Tr\u00e4nen (fauszt)<\/li>\n<li>Motherless Child<\/li>\n<li>It&#8217;s too late<\/li>\n<li>Fallen und Tr\u00e4umen<\/li>\n<li>Good bye<\/li>\n<li>Escape from Today<\/li>\n<li>Silent Room<\/li>\n<li>Killing Time<\/li>\n<li>Do you believe<\/li>\n<li>When the Sun falls from the Sky<\/li>\n<li>Mein Traum lebt<\/li>\n<li>Perfect Day<\/li>\n<li>Wonderland<\/li>\n<li>Sins of Delight<\/li>\n<li>Desire<\/li>\n<\/ol>\n","protected":false},"excerpt":{"rendered":"<p>Ver\u00f6ffentlicht Ende 1999. Titel Rotnassgeweint (fauszt) Blaue Tr\u00e4nen (fauszt) Motherless Child It&#8217;s too late Fallen und Tr\u00e4umen Good bye Escape from Today Silent Room Killing Time Do you believe When the Sun falls from the Sky Mein Traum lebt Perfect Day Wonderland Sins of Delight Desire<\/p>\n","protected":false},"author":1,"featured_media":0,"parent":12,"menu_order":0,"comment_status":"closed","ping_status":"closed","template":"","meta":[],"_links":{"self":[{"href":"http:\/\/www.nowayout-musik.info\/index.php?rest_route=\/wp\/v2\/pages\/78"}],"collection":[{"href":"http:\/\/www.nowayout-musik.info\/index.php?rest_route=\/wp\/v2\/pages"}],"about":[{"href":"http:\/\/www.nowayout-musik.info\/index.php?rest_route=\/wp\/v2\/types\/page"}],"author":[{"embeddable":true,"href":"http:\/\/www.nowayout-musik.info\/index.php?rest_route=\/wp\/v2\/users\/1"}],"replies":[{"embeddable":true,"href":"http:\/\/www.nowayout-musik.info\/index.php?rest_route=%2Fwp%2Fv2%2Fcomments&post=78"}],"version-history":[{"count":3,"href":"http:\/\/www.nowayout-musik.info\/index.php?rest_route=\/wp\/v2\/pages\/78\/revisions"}],"predecessor-version":[{"id":114,"href":"http:\/\/www.nowayout-musik.info\/index.php?rest_route=\/wp\/v2\/pages\/78\/revisions\/114"}],"up":[{"embeddable":true,"href":"http:\/\/www.nowayout-musik.info\/index.php?rest_route=\/wp\/v2\/pages\/12"}],"wp:attachment":[{"href":"http:\/\/www.nowayout-musik.info\/index.php?rest_route=%2Fwp%2Fv2%2Fmedia&parent=78"}],"curies":[{"name":"wp","href":"https:\/\/api.w.org\/{rel}","templated":true}]}}